vided by 135.
127
What is the remainder when 205 is divided by 47?
17
Calculate the remainder when 1485 is divided by 71.
65
Calculate the remainder when 69 is divided by 10.
9
Calculate the remainder when 93 is divided by 30.
3
What is the remainder when 58 is divided by 11?
3
Calculate the remainder when 77 is divided by 40.
37
Calculate the remainder when 423 is divided by 86.
79
Calculate the remainder when 265 is divided by 82.
19
Calculate the remainder when 448 is divided by 11.
8
Calculate the remainder when 537 is divided by 20.
17
Calculate the remainder when 2631 is divided by 26.
5
Calculate the remainder when 125 is divided by 115.
10
Calculate the remainder when 126 is divided by 13.
9
What is the remainder when 31 is divided by 18?
13
Calculate the remainder when 108 is divided by 51.
6
Calculate the remainder when 152 is divided by 145.
7
What is the remainder when 339 is divided by 31?
29
What is the remainder when 20915 is divided by 126?
125
What is the remainder when 3559 is divided by 44?
39
What is the remainder when 42 is divided by 14?
0
What is the remainder when 2081 is divided by 15?
11
What is the remainder when 237 is divided by 48?
45
Calculate the remainder when 1038 is divided by 17.
1
Calculate the remainder when 109 is divided by 19.
14
Calculate the remainder when 269 is divided by 200.
69
Calculate the remainder when 161 is divided by 2.
1
What is the remainder when 177 is divided by 70?
37
What is the remainder when 590 is divided by 103?
75
What is the remainder when 57 is divided by 34?
23
What is the remainder when 96 is divided by 49?
47
Calculate the remainder when 1359 is divided by 236.
179
What is the remainder when 89 is divided by 59?
30
Calculate the remainder when 1455 is divided by 49.
34
Calculate the remainder when 883 is divided by 147.
1
Calculate the remainder when 146 is divided by 30.
26
Calculate the remainder when 1510 is divided by 84.
82
Calculate the remainder when 3668 is divided by 409.
396
What is the remainder when 245 is divided by 50?
45
What is the remainder when 2589 is divided by 19?
5
What is the remainder when 675 is divided by 67?
5
Calculate the remainder when 356 is divided by 6.
2
Calculate the remainder when 1022 is divided by 52.
34
What is the remainder when 500 is divided by 49?
10
What is the remainder when 28 is divided by 23?
5
Calculate the remainder when 157 is divided by 32.
29
Calculate the remainder when 311 is divided by 310.
1
What is the remainder when 160 is divided by 130?
30
What is the remainder when 543 is divided by 91?
88
Calculate the remainder when 443 is divided by 127.
62
What is the remainder when 163 is divided by 58?
47
What is the remainder when 328 is divided by 168?
160
What is the remainder when 487 is divided by 34?
11
What is the remainder when 260 is divided by 52?
0
Calculate the remainder when 599 is divided by 86.
83
Calculate the remainder when 36 is divided by 20.
16
Calculate the remainder when 683 is divided by 135.
8
What is the remainder when 2144 is divided by 74?
72
What is the remainder when 230 is divided by 59?
53
What is the remainder when 257 is divided by 44?
37
Calculate the remainder when 1374 is divided by 153.
150
What is the remainder when 415 is divided by 84?
79
What is the remainder when 303 is divided by 73?
11
Calculate the remainder when 709 is divided by 66.
49
What is the remainder when 903 is divided by 84?
63
What is the remainder when 531 is divided by 19?
18
Calculate the remainder when 1557 is divided by 60.
57
What is the remainder when 5132 is divided by 2564?
4
What is the remainder when 9513 is divided by 3?
0
Calculate the remainder when 151 is divided by 9.
7
What is the remainder when 40 is divided by 15?
10
What is the remainder when 124 is divided by 19?
10
What is the remainder when 12 is divided by 4?
0
What is the remainder when 160 is divided by 24?
16
What is the remainder when 221 is divided by 8?
5
What is the remainder when 92 is divided by 31?
30
Calculate the remainder when 129 is divided by 10.
9
Calculate the remainder when 262 is divided by 25.
12
What is the remainder when 1506 is divided by 66?
54
What is the remainder when 11953 is divided by 139?
138
What is the remainder when 97 is divided by 14?
13
Calculate the remainder when 161 is divided by 54.
53
Calculate the remainder when 236 is divided by 36.
20
What is the remainder when 1678 is divided by 35?
33
Calculate the remainder when 569 is divided by 19.
18
What is the remainder when 223 is divided by 52?
15
Calculate the remainder when 467 is divided by 321.
146
What is the remainder when 508 is divided by 139?
91
Calculate the remainder when 530 is divided by 129.
14
Calculate the remainder when 406 is divided by 142.
122
What is the remainder when 108 is divided by 41?
26
Calculate the remainder when 114 is divided by 15.
9
What is the remainder when 707 is divided by 233?
8
Calculate the remainder when 288 is divided by 67.
20
Calculate the remainder when 2780 is divided by 2774.
6
What is the remainder when 4340 is divided by 63?
56
What is the remainder when 684 is divided by 14?
12
Calculate the remainder when 393 is divided by 78.
3
Calculate the remainder when 235 is divided by 204.
31
Calculate the remainder when 37439 is divided by 80.
79
Calculate the remainder when 829 is divided by 41.
9
Calculate the remainder when 996 is divided by 123.
12
Calculate the remainder when 701 is divided by 78.
77
What is the remainder when 319 is divided by 153?
13
What is the remainder when 370 is divided by 127?
116
What is the remainder when 751 is divided by 51?
37
What is the remainder when 442 is divided by 57?
43
What is the remainder when 69 is divided by 8?
5
What is the remainder when 2027 is divided by 39?
38
Calculate the remainder when 375 is divided by 63.
60
What is the remainder when 699 is divided by 49?
13
What is the remainder when 158 is divided by 7?
4
What is the remainder when 175 is divided by 25?
0
Calculate the remainder when 143 is divided by 9.
8
What is the remainder when 3919 is divided by 65?
19
What is the remainder when 167 is divided by 12?
11
Calculate the remainder when 37 is divided by 11.
4
What is the remainder when 7136 is divided by 60?
56
What is the remainder when 9556 is divided by 11?
8
Calculate the remainder when 485 is divided by 83.
70
Calculate the remainder when 394 is divided by 20.
14
Calculate the remainder when 331 is divided by 109.
4
Calculate the remainder when 117 is divided by 30.
27
Calculate the remainder when 1342 is divided by 21.
19
What is the remainder when 667 is divided by 279?
109
What is the remainder when 2157 is divided by 144?
141
What is the remainder when 82 is divided by 7?
5
What is the remainder when 138 is divided by 47?
44
What is the remainder when 179 is divided by 15?
14
What is the remainder when 1043 is divided by 36?
35
Calculate the remainder when 383 is divided by 10.
3
Calculate the remainder when 231 is divided by 34.
27
Calculate the remainder when 154 is divided by 27.
19
Calculate the remainder when 62 is divided by 37.
25
Calculate the remainder when 280 is divided by 95.
90
Calculate the remainder when 757 is divided by 24.
13
What is the remainder when 881 is divided by 14?
13
What is the remainder when 2097 is divided by 14?
11
Calculate the remainder when 166 is divided by 12.
10
Calculate the remainder when 3399 is divided by 23.
18
What is the remainder when 1678 is divided by 415?
18
Calculate the remainder when 64 is divided by 22.
20
Calculate the remainder when 117 is divided by 10.
7
What is the remainder when 80 is divided by 18?
8
What is the remainder when 849 is divided by 25?
24
Calculate the remainder when 1949 is divided by 65.
64
Calculate the remainder when 3115 is divided by 21.
7
Calculate the remainder when 153 is divided by 59.
35
Calculate the remainder when 1595 is divided by 47.
44
What is the remainder when 428 is divided by 317?
111
What is the remainder when 189 is divided by 49?
42
Calculate the remainder when 9 is divided by 2.
1
Calculate the remainder when 247 is divided by 69.
40
What is the remainder when 482 is divided by 150?
32
What is the remainder when 139 is divided by 4?
3
Calculate 